umber?
False
Is 254539 composite?
True
Is 23099 prime?
True
Is 174737 a composite number?
False
Is 1192673 prime?
True
Is 111833 prime?
True
Is 9259 composite?
True
Is 93641 a composite number?
True
Is 89591 a prime number?
True
Is 7997 prime?
False
Is 17827 a composite number?
False
Is 103139 a prime number?
False
Is 85307 a prime number?
False
Is 2609 composite?
False
Is 3299 a composite number?
False
Is 250255 prime?
False
Is 1402061 a composite number?
False
Is 568577 composite?
False
Is 177553 a composite number?
False
Is 12839 composite?
True
Is 1985 composite?
True
Is 74491 composite?
True
Is 1114241 a composite number?
False
Is 1685 a composite number?
True
Is 354209 composite?
False
Is 13463 a composite number?
False
Is 4751 composite?
False
Is 721033 a prime number?
False
Is 110486 a composite number?
True
Is 1690597 prime?
True
Is 267907 prime?
True
Is 3898 composite?
True
Is 54343 prime?
False
Is 18021 a composite number?
True
Is 1847 composite?
False
Is 213623 a composite number?
False
Is 223507 composite?
False
Is 165437 a prime number?
True
Is 23941 composite?
True
Is 8663 a composite number?
False
Is 30505 prime?
False
Is 32483 composite?
True
Is 24943 composite?
False
Is 144817 a composite number?
False
Is 97891 prime?
False
Is 1903 composite?
True
Is 2906 a composite number?
True
Is 17291 composite?
False
Is 1721543 a prime number?
True
Is 44579 a composite number?
False
Is 34057 prime?
True
Is 32459 a composite number?
True
Is 5519 prime?
True
Is 1483967 a prime number?
True
Is 1066177 a prime number?
False
Is 3091 composite?
True
Is 1553249 prime?
True
Is 77117 a prime number?
False
Is 141793 prime?
True
Is 18353 a prime number?
True
Is 2346949 a prime number?
False
Is 48907 prime?
True
Is 2723 a prime number?
False
Is 76991 a prime number?
True
Is 10771 composite?
False
Is 211829 a prime number?
False
Is 2579 a composite number?
False
Is 27037 a prime number?
False
Is 350941 a composite number?
False
Is 2743 a composite number?
True
Is 87211 a composite number?
False
Is 60719 a composite number?
False
Is 7993 a composite number?
False
Is 1171 prime?
True
Is 2459473 a composite number?
False
Is 47015 a composite number?
True
Is 87011 a prime number?
True
Is 68945 a prime number?
False
Is 6121 a composite number?
False
Is 33521 composite?
False
Is 31989 a prime number?
False
Is 983 a composite number?
False
Is 481 a prime number?
False
Is 7753 a prime number?
True
Is 160967 composite?
False
Is 18827 a prime number?
False
Is 48091 a prime number?
True
Is 1535 composite?
True
Is 40571 a prime number?
False
Is 10477 a composite number?
False
Is 701951 a prime number?
True
Is 14243 composite?
False
Is 43819 a composite number?
True
Is 158843 a prime number?
True
Is 7834 composite?
True
Is 87807 a composite number?
True
Is 42113 a prime number?
False
Is 58039 a composite number?
True
Is 38587 prime?
False
Is 85039 a composite number?
True
Is 137537 a prime number?
True
Is 1495231 a composite number?
False
Is 9103 a composite number?
False
Is 3332959 a composite number?
True
Is 133769 a prime number?
True
Is 17557 composite?
True
Is 93661 a prime number?
False
Is 4813 prime?
True
Is 81502 prime?
False
Is 1379321 a composite number?
False
Is 21367 prime?
False
Is 84499 composite?
False
Is 1007243 a prime number?
True
Is 2147 a composite number?
True
Is 438841 a composite number?
True
Is 1199447 composite?
False
Is 399353 a prime number?
True
Is 11197 prime?
True
Is 5039 a prime number?
True
Is 8059 a composite number?
False
Is 66347 a composite number?
False
Is 67589 composite?
False
Is 22045 composite?
True
Is 1131193 a prime number?
False
Is 118743 a composite number?
True
Is 32987 composite?
False
Is 200971 composite?
False
Is 6329 composite?
False
Is 85991 a prime number?
True
Is 254369 a prime number?
True
Is 560927 a prime number?
False
Is 751573 composite?
True
Is 1007606 prime?
False
Is 1879819 a prime number?
False
Is 323533 a composite number?
True
Is 1099 composite?
True
Is 5079 composite?
True
Is 262967 composite?
True
Is 6995 a prime number?
False
Is 546047 a composite number?
False
Is 234713 composite?
False
Is 85719 composite?
True
Is 148271 a prime number?
False
Is 704051 composite?
True
Is 89299 composite?
True
Is 105437 prime?
True
Is 3793 a prime number?
True
Is 159389 prime?
True
Is 253355 composite?
True
Is 4253 a composite number?
False
Is 211503 prime?
False
Is 621113 composite?
False
Is 10343 a prime number?
True
Is 812465 prime?
False
Is 99343 a composite number?
True
Is 148141 composite?
True
Is 17191 composite?
False
Is 58309 prime?
True
Is 548806 prime?
False
Is 15859 composite?
False
Is 77929 prime?
True
Is 76301 a prime number?
False
Is 1370257 a prime number?
False
Is 178753 a composite number?
False
Is 5509 composite?
True
Is 14263 prime?
False
Is 37099 composite?
True
Is 461971 a composite number?
False
Is 57637 prime?
True
Is 3086 prime?
False
Is 15787 prime?
True
Is 673 a prime number?
True
Is 94735 composite?
True
Is 909281 a composite number?
False
Is 419 composite?
False
Is 58117 composite?
True
Is 304631 a composite number?
False
Is 231887 a prime number?
False
Is 1346879 composite?
True
Is 8279 prime?
False
Is 2360537 a prime number?
False
Is 14585 a prime number?
False
Is 323077 a composite number?
False
Is 23915 composite?
True
Is 13217 a composite number?
False
Is 45727 a prime number?
False
Is 792445 composite?
True
Is 1262143 a prime number?
True
Is 20477 composite?
False
Is 68707 prime?
False
Is 4713 a prime number?
False
Is 13223 prime?
False
Is 9383239 a prime number?
True
Is 1459 a composite number?
False
Is 8719 a composite number?
False
Is 16759 a prime number?
True
Is 6067 a prime number?
True
Is 507971 a prime number?
True
Is 45635 prime?
False
Is 80897 a prime number?
True
Is 132313 a composite number?
False
Is 4919 a prime number?
True
Is 29731 prime?
False
Is 460273 composite?
True
Is 243259 prime?
True
Is 966509 composite?
False
Is 3453 a composite number?
True
Is 4054 composite?
True
Is 740891 a composite number?
False
Is 194003 prime?
True
Is 10723 prime?
True
Is 132229 prime?
True
Is 2015687 a composite number?
True
Is 45481 a composite number?
False
Is 201881 composite?
False
Is 3203 composite?
False
Is 7817 a prime number?
True
Is 179143 composite?
False
Is 9939 prime?
False
Is 26363 a prime number?
False
Is 25913 a prime number?
True
Is 11965 a prime number?
False
Is 26933 a composite number?
True
Is 203903 prime?
False
Is 8997 composite?
True
Is 30631 a prime number?
True
Is 150781 composite?
True
Is 64109 a composite number?
False
Is 2268323 a prime number?
True
Is 26089 a composite number?
True
Is 41329 a prime number?
False
Is 1670147 a prime number?
False
Is 467 composite?
False
Is 1225009 a prime number?
True
Is 238519 a prime number?
True
Is 15682 a prime number?
False
Is 134033 composite?
False
Is 129113 a composite number?
False
Is 213307 composite?
False
Is 14998 composite?
True
Is 211427 composite?
False
Is 161087 a prime number?
True
Is 6053 prime?
True
Is 908507 a prime number?
False
Is 38989 a prime number?
False
Is 33083 prime?
True
Is 163361 composite?
True
Is 4211 composite?
False
Is 479733 composite?
True
Is 1967 composite?
True
Is 29503 a prime number?
False
Is 16741 prime?
True
Is 1543 prime?
True
Is 99347 prime?
True
Is 34169 composite?
True
Is 553411 prime?
True
Is 16183 composite?
False
Is 6407 prime?
False
Is 327529 composite?
False
Is 24751 a prime number?
False
Is 74353 prime?
True
Is 3251 a prime number?
True
Is 4493 prime?
True
Is 6287 composite?
False
Is 238591 prime?
True
Is 851569 a prime number?
True
Is 13369 composite?
True
Is 186133 prime?
False
Is 11149 a prime number?
True
Is 66007 composite?
True
Is 126307 a composite number?
False
Is 269033 a prime number?
False
Is 366677 prime?
True
Is 51539 a prime number?
True
Is 1260679 a composite number?
True
Is 187874 a prime number?
False
Is 22171 a composite number?
False
Is 2833 prime?
True
Is 29111 prime?
False
Is 525269 composite?
True
Is 372917 a prime number?
True
Is 6817 a prime number?
False
Is 13747 a prime number?
False
Is 40583 composite?
False
Is 69295 a prime number?
False
Is 96157 prime?
True
Is 1801 prime?
True
Is 3377 prime?
False
Is 331 a prime number?
True
Is 13957 com